 hundreds digit of p?
8
Suppose 13 = 2*u - 7. Suppose 0 = u*o - 2365 - 1725. What is the units digit of o?
9
Suppose 2*k - 4 = 0, 11*l - 22 = 7*l + 3*k. Let n = l - -46. What is the units digit of n?
3
Let s(c) = -161*c + 4799. What is the ten thousands digit of s(-95)?
2
Let h be ((-6)/(-16)*-26)/(6/24). Let o = 42 + h. Suppose -24 = -o*m - m. What is the units digit of m?
6
What is the hundreds digit of -14 + 37719/6 - (-1)/2*-3?
2
Suppose -159 + 9 = 6*v. Let t(m) = 4*m**2 + 36*m + 10. What is the tens digit of t(v)?
1
Let u(o) = 560*o + 2. Let y be u(-1). Let f(m) = -79*m + 28. Let g be f(5). Let t = g - y. What is the hundreds digit of t?
1
Let a(i) = -3*i**3 - 12*i**2 - i + 1. Let s be a(-4). Suppose -386 - 1324 = -s*l. What is the hundreds digit of l?
3
Suppose -9*y + 15*y = -8*y + 46970. What is the tens digit of y?
5
Let v = -1639 - 259. Let c = v + 3027. What is the units digit of c?
9
Let b(n) = -7*n + 6. Let d be b(-7). Suppose -3*x + 0*x + d = -c, -c + 5*x - 61 = 0. Let v = c - -52. What is the units digit of v?
6
Let s(u) = 9*u**2 - 41*u + 2*u**3 - 8 + 33*u - 3*u**3. Let o be s(7). Suppose -35*p + o*p = -311. What is the tens digit of p?
1
What is the hundreds digit of ((-37896)/(-9))/(32/(-3696)*-7)?
4
Let f be (-1387 - -2)/(21 - 22). Suppose 2*h - j = f, -2 = 4*j - 6. What is the units digit of h?
3
Let b(u) = 218*u**3 - 225*u**3 + 4*u + 1 - u**2 + 1. What is the units digit of b(-4)?
8
Let l = 145 + -120. Let s be (-3190)/l*5/((-1)/1). Suppose 3*a = -2*t + 308, -4*t + 5*a = -0*t - s. What is the tens digit of t?
5
Let m = -622 + 19. Let d = m - -963. What is the units digit of d?
0
Let m = -7688 - -13480. What is the hundreds digit of m?
7
Suppose 0 = -4*x + 1793 + 32644 + 251. What is the tens digit of x?
7
Suppose 43*m = -3274 - 1456. Let b = m - -508. What is the units digit of b?
8
Let f(m) = m**2 - 19*m + 183. Let w be f(22). Suppose 3218 + w = 4*o - d, 1 = d. What is the tens digit of o?
6
Let a = -482 - -867. Suppose -36*o = -25*o + a. What is the hundreds digit of o*((-51)/5 - (-36)/12)?
2
What is the hundreds digit of 61/(-122) - (-6385)/2?
1
Let m(k) be the first derivative of -k**4/4 + 5*k**3/3 + k**2/2 - 8*k - 19. Let p be m(6). Let x = 39 - p. What is the tens digit of x?
7
Let l = -33934 - -60540. What is the ten thousands digit of l?
2
Let v(t) = 283*t + 598. What is the units digit of v(24)?
0
Let p = 474 - 326. Suppose 2*b + 389 - 97 = 2*l, p = l + b. What is the units digit of l?
7
Let b = 21 + -1. Suppose -t + 20 = h + 2*t, h = -2*t + b. Suppose 0 = -16*m + h*m - 356. What is the tens digit of m?
8
Let a(n) = -n**3 + 22*n**2 - 10*n - 395. Let f be a(20). Suppose 3*v + 2*y = 374, -4*v + 3*y = -0*y - 476. Let q = f - v. What is the units digit of q?
3
Let p(g) be the third derivative of -g**4/24 - 7*g**3/2 - 3*g**2. Let h be p(-22). What is the units digit of (904/20)/(28/20 - h)?
3
Suppose a - 2*h - 6096 = 0, 30491 = 28*a - 23*a + h. What is the hundreds digit of a?
0
Let k = 80578 - 18620. What is the tens digit of k?
5
What is the units digit of 13 + -3 - 90090/(-33)?
0
Let j = 53 - 50. Suppose -663 = -3*k - z + 839, 0 = 3*k + j*z - 1512. What is the tens digit of k?
9
Let t be -463 + 6/(6/5). Let y = t + 1080. What is the hundreds digit of y?
6
Suppose -27*z = -29*z + 2622. Suppose -3*a = -5*c - z, 2*a + 2*c - 771 = 103. What is the hundreds digit of a?
4
Let d(l) = 2*l - 3. Let m be d(8). Suppose 4 = -m*v + 4. Let o = v - -136. What is the hundreds digit of o?
1
Let f(g) be the third derivative of g**5/60 - g**4/3 + 4*g**3/3 - 19*g**2. Let i be f(7). What is the tens digit of i/(2/(-294))*(-4)/6?
9
Let m = 142 - 183. What is the hundreds digit of 4/2 + 344 + m?
3
Let u = 11596 + -7231. What is the hundreds digit of u?
3
What is the tens digit of 14678 - 70/10 - -5?
7
Let r(p) = -p**3 - p**2 + 79. Suppose 5*n + w = -0*w - 4, -n - w = 0. Let t be (0/n)/(-5 + 7). What is the tens digit of r(t)?
7
Suppose h - 294 - 325 = -4*f, -3*f = 2*h - 1248. Let c = -2 - -8. What is the hundreds digit of (h/(-6))/((-3)/c)?
2
Let u(s) = 2244*s**2 - 365*s + 1835. What is the ten thousands digit of u(5)?
5
Let r = 19191 - 1422. What is the ten thousands digit of r?
1
Let o(q) = q**2 + 9*q - 6. Let u be o(-9). Let y be (3/u)/(4/(-2096)). Suppose -5*j + 88 = g, 0 = 4*g + 2*j - 0 - y. What is the tens digit of g?
6
Let c = -8220 + 26648. What is the ten thousands digit of c?
1
Let m = 35590 - 22411. What is the tens digit of m?
7
Let z = 603 - 604. What is the tens digit of z + (-3059)/(-3) - (-62)/(-93)?
1
Suppose 0 = d, -2*j + 2344 = 3*d - 620. Suppose -j = -3*x - 318. What is the tens digit of x?
8
Let n = -99 - -104. Suppose -89*t + 88*t = n. What is the hundreds digit of 1 - (-5)/t*-179?
1
Let n(c) = -9*c**3 - 8*c**2 + 20*c + 3. Let z be n(3). Let o be (242/4)/(2/(-12)). Let h = z - o. What is the hundreds digit of h?
1
Let h(f) = -f**2 + 6*f + 209. Let i be h(-11). Let z(q) = 11*q - 101. What is the units digit of z(i)?
1
What is the thousands digit of 6/(-9)*2 - (824664/(-18))/2?
2
Suppose -60 + 15 = 15*j. What is the units digit of ((-48)/7)/(j - (-712)/238)?
6
Let b(h) be the second derivative of 5*h**4/12 - 11*h**3/6 + 11*h**2/2 - 48*h. What is the tens digit of b(4)?
4
Let q = 418 + -572. Let p = 400 + q. What is the units digit of p?
6
Suppose p - 6 + 1 = 0. Let l(s) = -7*s**2 + s - 31. Let o(t) = 3*t**2 + 15. Let g(i) = 4*l(i) + 9*o(i). What is the units digit of g(p)?
6
Let n(j) = -j**3 + 9*j**2 + 5*j - 12. Let y be n(8). Let b = y + 228. Suppose 6*m - b = m. What is the tens digit of m?
6
Let x = 64592 - 38100. What is the hundreds digit of x?
4
Let b = -744 + 500. What is the hundreds digit of ((-225)/(-50))/((-2)/b)?
5
Suppose 100*h - 3011774 = 52*h + 1178578. What is the units digit of h?
9
Suppose -r = 1, 30*o - 25*o = 3*r + 164533. What is the tens digit of o?
0
Let i = 1142 - 1153. Let m(u) be the second derivative of -u**5/20 - 11*u**4/12 - 3*u**3/2 - 11*u**2/2 + 2*u. What is the tens digit of m(i)?
8
Let r(q) = -1437*q + 2039. What is the ten thousands digit of r(-13)?
2
Let h = -19 + 23. Let g(t) = -h*t**2 - 53*t - 2*t**2 + 46*t - 8*t**2 - 2*t**3 - 9. What is the tens digit of g(-7)?
4
Let g be (1252/2)/(-3 - -1). Let f = g - -660. What is the units digit of f?
7
Suppose 2269*l - 2344*l = -4231350. What is the hundreds digit of l?
4
Let c(l) = 0 + 3 - 8*l - 2*l**3 - 5 - 15*l**2 + l**3. Let w = -97 - -82. What is the tens digit of c(w)?
1
Suppose -87*c + 91*c = -5*q + 117917, -70774 = -3*q + c. What is the tens digit of q?
8
Suppose -45*g + 40*g - 41874 = -3*q, 7*g - 27916 = -2*q. What is the thousands digit of q?
3
Suppose -2*x = -65 - 47. Suppose -25*a - x = -29*a. Suppose -6*s + 826 = -a. What is the hundreds digit of s?
1
Let p(r) = -706*r + 1. Let i be p(-1). Suppose -8608 = 21*u - 8650. What is the tens digit of (4 - 2)*(i/u)/7?
0
Suppose 4*f - 3 - 5 = 0. Suppose 3*i = 4*y + 9, f*i - y = 1 + 5. Suppose -5*v = 5*m - v - 632, 257 = 2*m + i*v. What is the units digit of m?
4
Let r be (-37968)/(-18) - (-4)/(-12). Suppose -r = -7*u - 324. What is the hundreds digit of u?
2
Suppose 0 = -127*b + 130*b + 108. What is the hundreds digit of (b/10)/((-16)/1160) - 1?
2
Let y = -74 - -110. Let m = y - 23. Let z(o) = -o**3 + 14*o**2 - 13*o + 3. What is the units digit of z(m)?
3
Suppose 4*s + 17288 = x - 2855, 3*s = -9. What is the units digit of x?
1
Suppose y + 55 = -c + 6*c, 0 = 4*c + 5*y - 15. Suppose 1008 = 13*v - c*v. What is the units digit of v?
6
Let y(n) = 14*n - 162. Let j be y(12). Suppose -15*m + 8604 = -j*m. What is the tens digit of m?
5
Suppose 5*s + s = 7*s. What is the tens digit of 4 + (158 - (s - -2 - 3))?
6
Suppose -4*b + 10*b = 48. Suppose 62 + 722 = b*i. What is the units digit of i?
8
Let x(m) = -39*m + 2373. Let y be x(61). Let v be 1 - (-1 + 0) - 3. What is the hundreds digit of (2 - 1)*(-285 + y)*v?
2
What is the hundreds digit of (252/(-189))/(4/(-37434)) + 8?
4
Let x = -10895 - -24184. What is the units digit of x?
9
What is the hundreds digit of ((-18753)/(-42))/(2/36) + 0?
0
Suppose 9*g + 16*g - 554400 = 10*g. What is the tens digit of g?
6
Let i be (-44)/(-8) - (-1*3)/(-6). Suppose -22 = -4*m + 2*v, 10 + 10 = i*m + 5*v. Suppose -97 = -m*d + 263. What is the tens digit of d?
7
L